ided by 10?
8
Let q = -9 - -16. Let b = q - -16. What is the remainder when b is divided by 13?
10
Suppose 4*j = 4 + 16. Suppose -94 - 41 = -j*c. What is the remainder when 51 is divided by c?
24
Suppose 10 + 34 = 2*j. Let f = -1 - -9. Calculate the remainder when j is divided by f.
6
Suppose -1 = -2*t - 29. Let n = -8 - t. What is the remainder when 16 is divided by n?
4
Let o = -6 + 11. Suppose d + 4*i - 3 + 4 = 0, o*d - 3*i = 41. Calculate the remainder when 18 is divided by d.
4
Suppose 33*m = 25*m + 80. Suppose 4*c - 2 = 14. What is the remainder when m is divided by c?
2
Let h be (0 + 0)/(6/(-3)). Suppose h*p = 4*p - 20. Calculate the remainder when 9/(-5)*(-4 - 1) is divided by p.
4
Suppose 5*f - 3*d + 5 = 0, f + 2*d - 5 - 7 = 0. Suppose -24 - 10 = -4*h - 3*y, -f*y + 39 = 5*h. What is the remainder when 19 is divided by h?
5
Let w(t) = -2*t + 1. Let p(v) = v**3 + 9*v**2 + 7*v - 10. Let o be p(-8). Let n = o + -2. What is the remainder when 25 is divided by w(n)?
7
Let c(d) = -2 - d**2 + 0*d**2 + 7*d + d**3 - 5*d**2. What is the remainder when 29 is divided by c(5)?
5
Let z = 59 - 47. What is the remainder when 44 is divided by z?
8
Let y = 62 + -38. Let u(w) = 13*w**2 - 5*w - 4. What is the remainder when y is divided by u(-1)?
10
Suppose 18 = 6*z - 36. Calculate the remainder when 53 is divided by z.
8
Let v be 3/((3/(-63))/(-1)). Let c = -45 + v. What is the remainder when 53 is divided by c?
17
Let q(f) = -f**2 - 9*f - 3. Suppose 0 = -0*w + 5*w. Calculate the remainder when q(-6) is divided by (w - -12)/(15/10).
7
Let u(m) = m**2 - m. Let r(j) = j**3 - 3*j**2 + 5*j + 2. Let h(g) = -r(g) - 3*u(g). Calculate the remainder when 19 is divided by h(-2).
9
Let l(g) = -22*g - 14. Calculate the remainder when 347/4 - (-2)/8 is divided by l(-2).
27
Let x(c) = c**3 + 7*c**2 - 4*c + 1. Suppose 0 = -3*f - 35 + 14. Calculate the remainder when x(f) is divided by (-348)/(-22) - 2/(-11).
13
Let j = -13 - -33. What is the remainder when (-2 - 2)*(-57)/4 is divided by j?
17
Suppose 0 = -2*p + 4*n + 146, -p + 4*n = -4*p + 189. Calculate the remainder when p is divided by 23.
21
Let l = -2 + -7. Calculate the remainder when ((-3)/(-2))/(l/(-264)) is divided by 15.
14
Suppose 3*f = f. Suppose f = 2*d + 3*n - 37, d + 2*n = 6*n + 2. Calculate the remainder when 39 is divided by d.
11
Let x = 73 + -30. Calculate the remainder when x is divided by 15.
13
Let c = -18 + -46. Suppose -4*g - 5*j + 434 = 0, 2*j + 3*j = g - 96. Let x = g + c. Calculate the remainder when x is divided by 22.
20
Let w = 19 + 12. Calculate the remainder when 90 is divided by w.
28
Let f = -13 + 21. Let n(z) = -10*z**2 - 2*z + 16. Let h(j) = -7*j**2 - j + 11. Let l(w) = -7*h(w) + 5*n(w). Calculate the remainder when f is divided by l(-3).
2
Suppose a + a = -10. What is the remainder when (a*2)/(4/(-10)) is divided by 9?
7
Let c = 16 - 11. Suppose -5*x = 70 - 520. Suppose c*m = 2*m + x. What is the remainder when m is divided by 8?
6
Suppose -f - 2 = -19. Suppose -3*n = a + 4, 2*a = -2*a + 5*n + 35. What is the remainder when f is divided by a?
2
Let g = 22 + -16. Let y = -9 - -13. Calculate the remainder when g is divided by y.
2
Let c = 0 + 5. Suppose -4*n + 14 = c*s - 12, 0 = -5*n + 2*s + 16. Suppose -n*x + 2*x = -26. Calculate the remainder when 24 is divided by x.
11
Suppose q = -6*p + 2*p - 11, 2*q - 3 = -3*p. What is the remainder when 116 is divided by q?
8
Let o = 97 + -66. Calculate the remainder when o is divided by 8.
7
Let a(w) = 4*w - 24. Suppose -s = -5*t + 1, 2*t = 2*s + t - 16. What is the remainder when a(12) is divided by s?
6
Let x = 7 - 11. What is the remainder when 2*4 + x/(-2) is divided by 1/(-3) - 57/(-9)?
4
Suppose 3 - 27 = -2*t. Suppose -x + 53 = 3*b, -2*x + 2*b - b + 92 = 0. Calculate the remainder when x is divided by t.
11
Suppose 4*n + h = 21 - 0, -2*h + 26 = 4*n. Suppose -n*y + r = -y - 17, -4*r + 16 = 0. Calculate the remainder when 20 is divided by y.
6
Let h = 2 + 3. Let n(b) = -10*b - 3. Let c be n(-2). Let j = c + -4. Calculate the remainder when j is divided by h.
3
Let a = 28 + -23. Calculate the remainder when 26 is divided by a.
1
Let c(a) = a**2 - 10*a - 8. Let i(d) = -d**2 + 8*d - 4. What is the remainder when c(11) is divided by i(7)?
0
Let o = 14 - 4. Suppose -8*b + 6*b = -58. Calculate the remainder when b is divided by o.
9
Calculate the remainder when 104 is divided by ((-42)/8)/(2*4/(-32)).
20
Let v = -2 - -13. Let p(t) = t**3 - 8*t**2 + 1. Let o be p(8). Suppose 0 = n - 3 - o. Calculate the remainder when v is divided by n.
3
Let j = 21 + -13. What is the remainder when (-119)/(-5) + (-20)/25 is divided by j?
7
What is the remainder when 1935/63 + 3/(21/2) is divided by 11?
9
Suppose -g = 81 + 29. Let w = g - -362. What is the remainder when 43 is divided by w/16 - 6/8?
13
Suppose -3*z - 5*g = -43, -2*z - z = -5*g - 23. Suppose -3*f - i + 14 = 0, 0*f + 2*f - z = -i. Calculate the remainder when 7 is divided by f.
1
Let l = 6 - 6. Suppose -2 = q, 6*q - 3*q = -4*s + 34. What is the remainder when s is divided by 4 + 1 + -1 + l?
2
Let o = 105 - 93. Calculate the remainder when 20 is divided by o.
8
What is the remainder when 18 is divided by (0 - (-10)/3)*(6 - 3)?
8
Calculate the remainder when 69 is divided by 6/(-3) + (1 - (-38)/2).
15
Suppose 9 = -4*l - 11. Let m = l - -16. What is the remainder when m is divided by 6?
5
Let k(h) = -14*h. Calculate the remainder when 18 is divided by k(-1).
4
Suppose -3*f - 3*f = -618. Calculate the remainder when f is divided by 21.
19
Let o = 12 + -7. Suppose j = 2*w - 6, 0 = o*w + j + 2 - 24. What is the remainder when (-4)/(-18) - (-1144)/117 is divided by w?
2
Let h(m) = m**2 - 14*m + 3. Let u be h(7). Let d = u - -113. Let w(r) = 23*r. Calculate the remainder when d is divided by w(1).
21
Let y(o) = o**2 - 15*o - 26. Suppose 4*d - 21 = 3*t + 36, 3*d - 39 = 3*t. What is the remainder when y(d) is divided by 10?
8
Let l(n) = -n**3 - 5*n**2 - 5*n - 2. Let v be l(-4). Suppose v*a + 20 - 92 = 0. Calculate the remainder when a is divided by 13.
10
Suppose 4*u - 67 + 11 = -2*t, 33 = 3*u - 3*t. Let m = u + -8. Let k(c) = -c**2 - 6*c + 8. Calculate the remainder when k(-6) is divided by m.
3
Let g = 23 - 4. Calculate the remainder when g is divided by 10.
9
Suppose -4*z = z - 15. Suppose -2*k = -z - 5. What is the remainder when 7 is divided by k?
3
Let f = 1 - -2. Let u be -2 + 9/f + 1. What is the remainder when 40 is divided by (-2 + 0)/u - -15?
12
Let w = -47 + 52. Let l(b) be the second derivative of b**4/12 + 5*b**3/6 + 3*b**2/2 + b. Calculate the remainder when l(-6) is divided by w.
4
Suppose 13*v = -248 + 716. Suppose 0*h + 3*h - 39 = 0. Calculate the remainder when v is divided by h.
10
Let x = -14 - -26. Let z = -29 + 61. Calculate the remainder when z is divided by x.
8
Let b(y) be the second derivative of 11*y**3/6 + 2*y**2 - 7*y. What is the remainder when b(3) is divided by 14?
9
Suppose 5*q - 40 = 4*g, -5*q + 32 + 8 = 5*g. Calculate the remainder when 14 is divided by q.
6
Let w(c) = c**3 - 19*c**2 + 19. Calculate the remainder when w(19) is divided by (-58)/(-8) - (-2)/(-8).
5
Suppose 4*j = -j + 35. Calculate the remainder when 27 is divided by j.
6
Let p(s) = s**3 + 2*s**2 - 4*s. Let o be p(-3). Suppose -o*x - 2*x + 130 = 0. Calculate the remainder when 102 is divided by x.
24
Suppose 0*i = 4*i - 8. Suppose 4*o - q = -18, -i*o - q = -3*q + 6. Let r(x) = -2*x - 4. What is the remainder when 10 is divided by r(o)?
4
Let q = -6 + 18. Let b = q - 21. Calculate the remainder when (78/b)/(2/(-3)) is divided by 5.
3
Let j = 35 + 53. Suppose 0 = -3*n - n + j. Calculate the remainder when 12 is divided by (-4)/(-22) - (-106)/n.
2
Let q be (-248)/(-14) + 24/84. Let o = q + -11. What is the remainder when 25 is divided by o?
4
Suppose g + 6 - 16 = 0. What is the remainder when 28 is divided by g?
8
Suppose 6*z = 14*z - 296. Calculate the remainder when 147 is divided by z.
36
Let k(w) = -w**3 - 3*w**2 + 4*w + 4. Let a be k(-4). Suppose 0*t + 2*t = -5*y + 251, 0 = -a*t + 12. Calculate the remainder when y is divided by 13.
10
Let w(g) = -37*g + 11. Calculate the remainder when w(-1) is divided by 25.
23
Let c(v) = -v**2 - 6*v - 6. Let p be c(-5). Let m be p - 45/(-3) - -2. Calculate the remain